List the prime factors of 2175.
3, 5, 29
List the prime factors of 1603.
7, 229
What are the prime factors of 52280?
2, 5, 1307
List the prime factors of 777.
3, 7, 37
List the prime factors of 49969.
107, 467
List the prime factors of 5136.
2, 3, 107
What are the prime factors of 13229?
13229
List the prime factors of 5125.
5, 41
List the prime factors of 1496.
2, 11, 17
List the prime factors of 708.
2, 3, 59
List the prime factors of 1472.
2, 23
List the prime factors of 940.
2, 5, 47
What are the prime factors of 106?
2, 53
List the prime factors of 34103.
67, 509
List the prime factors of 9762.
2, 3, 1627
List the prime factors of 3158.
2, 1579
What are the prime factors of 5836?
2, 1459
What are the prime factors of 28426?
2, 61, 233
What are the prime factors of 9132?
2, 3, 761
What are the prime factors of 1495?
5, 13, 23
What are the prime factors of 1419?
3, 11, 43
What are the prime factors of 1638?
2, 3, 7, 13
What are the prime factors of 771?
3, 257
What are the prime factors of 3882?
2, 3, 647
What are the prime factors of 41954?
2, 11, 1907
List the prime factors of 6559.
7, 937
List the prime factors of 12124.
2, 7, 433
What are the prime factors of 39?
3, 13
List the prime factors of 968.
2, 11
List the prime factors of 125998.
2, 73, 863
What are the prime factors of 112461?
3, 19, 1973
List the prime factors of 1713.
3, 571
List the prime factors of 57329.
57329
What are the prime factors of 1758?
2, 3, 293
What are the prime factors of 27779?
27779
What are the prime factors of 677?
677
List the prime factors of 81649.
81649
List the prime factors of 924.
2, 3, 7, 11
What are the prime factors of 1873?
1873
List the prime factors of 34021.
13, 2617
What are the prime factors of 12897?
3, 1433
What are the prime factors of 8495?
5, 1699
List the prime factors of 153.
3, 17
List the prime factors of 14929.
14929
What are the prime factors of 23818?
2, 11909
What are the prime factors of 36380?
2, 5, 17, 107
List the prime factors of 6652.
2, 1663
What are the prime factors of 4590?
2, 3, 5, 17
What are the prime factors of 3454?
2, 11, 157
What are the prime factors of 641?
641
List the prime factors of 672.
2, 3, 7
What are the prime factors of 2708?
2, 677
List the prime factors of 1062.
2, 3, 59
What are the prime factors of 15620?
2, 5, 11, 71
What are the prime factors of 10022?
2, 5011
List the prime factors of 2725.
5, 109
List the prime factors of 9193.
29, 317
List the prime factors of 43730.
2, 5, 4373
List the prime factors of 585.
3, 5, 13
List the prime factors of 20690.
2, 5, 2069
List the prime factors of 2003.
2003
What are the prime factors of 1014?
2, 3, 13
List the prime factors of 3805.
5, 761
What are the prime factors of 3117?
3, 1039
List the prime factors of 32727.
3, 10909
What are the prime factors of 14309?
41, 349
What are the prime factors of 56288?
2, 1759
What are the prime factors of 2342?
2, 1171
What are the prime factors of 11842?
2, 31, 191
List the prime factors of 1332.
2, 3, 37
List the prime factors of 15949.
41, 389
List the prime factors of 19346.
2, 17, 569
What are the prime factors of 3029?
13, 233
What are the prime factors of 279?
3, 31
What are the prime factors of 70433?
11, 19, 337
List the prime factors of 1326.
2, 3, 13, 17
What are the prime factors of 61968?
2, 3, 1291
What are the prime factors of 279?
3, 31
List the prime factors of 1682.
2, 29
List the prime factors of 7093.
41, 173
List the prime factors of 7314.
2, 3, 23, 53
List the prime factors of 7662.
2, 3, 1277
List the prime factors of 1411.
17, 83
List the prime factors of 30847.
109, 283
List the prime factors of 30016.
2, 7, 67
What are the prime factors of 2041?
13, 157
List the prime factors of 92783.
31, 41, 73
List the prime factors of 402.
2, 3, 67
What are the prime factors of 1517?
37, 41
List the prime factors of 256.
2
What are the prime factors of 3049?
3049
What are the prime factors of 543?
3, 181
What are the prime factors of 858?
2, 3, 11, 13
What are the prime factors of 3627?
3, 13, 31
What are the prime factors of 636?
2, 3, 53
What are the prime factors of 423?
3, 47
What are the prime factors of 3553?
11, 17, 19
List the prime factors of 1056.
2, 3, 11
What are the prime factors of 569?
569
List the prime factors of 56097.
3, 23, 271
What are the prime factors of 68297?
163, 419
List the prime factors of 542.
2, 271
List the prime factors of 53545.
5, 10709
List the prime factors of 1445.
5, 17
What are the prime factors of 35079?
3, 11, 1063
List the prime factors of 21661.
21661
List the prime factors of 12695.
5, 2539
What are the prime factors of 5797?
11, 17, 31
List the prime factors of 21600.
2, 3, 5
List the prime factors of 691.
691
What are the prime factors of 171934?
2, 7, 12281
List the prime factors of 26286.
2, 3, 13, 337
What are the prime factors of 8288?
2, 7, 37
What are the prime factors of 34619?
13, 2663
What are the prime factors of 5087?
5087
What are the prime factors of 1935?
3, 5, 43
What are the prime factors of 28965?
3, 5, 1931
List the prime factors of 100752.
2, 3, 2099
What are the prime factors of 45891?
3, 5099
List the prime factors of 1158.
2, 3, 193
What are the prime factors of 70?
2, 5, 7
List the prime factors of 39625.
5, 317
What are the prime factors of 119?
7, 17
What are the prime factors of 1513?
17, 89
What are the prime factors of 10949?
10949
List the prime factors of 24452.
2, 6113
List the prime factors of 2985.
3, 5, 199
List the prime factors of 178544.
2, 11159
What are the prime factors of 421?
421
List the prime factors of 13180.
2, 5, 659
List the prime factors of 972.
2, 3
What are the prime factors of 3046?
2, 1523
What are the prime factors of 2704?
2, 13
What are the prime factors of 2454?
2, 3, 409
List the prime factors of 224.
2, 7
List the prime factors of 13796.
2, 3449
What are the prime factors of 4296?
2, 3, 179
List the prime factors of 530.
2, 5, 53
List the prime factors of 2012.
2, 503
What are the prime factors of 3056?
2, 191
List the prime factors of 6531.
3, 7, 311
What are the prime factors of 169?
13
List the prime factors of 1696.
2, 53
List the prime factors of 9761.
43, 227
List the prime factors of 2986.
2, 1493
List the prime factors of 1218.
2, 3, 7, 29
List the prime factors of 3786.
2, 3, 631
List the prime factors of 107422.
2, 7, 7673
List the prime factors of 1735.
5, 347
What are the prime factors of 3322?
2, 11, 151
List the prime factors of 91548.
2, 3, 2543
What are the prime factors of 126460?
2, 5, 6323
What are the prime factors of 1244?
2, 311
List the prime factors of 26337.
3, 8779
List the prime factors of 1098.
2, 3, 61
List the prime factors of 102772.
2, 25693
What are the prime factors of 56?
2, 7
List the prime factors of 38727.
3, 13, 331
List the prime factors of 6890.
2, 5, 13, 53
List the prime factors of 2849.
7, 11, 37
What are the prime factors of 250?
2, 5
List the prime factors of 3665.
5, 733
What are the prime factors of 601?
601
List the prime factors of 884.
2, 13, 17
What are the prime factors of 12310?
2, 5, 1231
List the prime factors of 1881.
3, 11, 19
What are the prime factors of 114740?
2, 5, 5737
List the prime factors of 25755.
3, 5, 17, 101
What are the prime factors of 5513?
37, 149
What are the prime factors of 1100?
2, 5, 11
List the prime factors of 2699.
2699
List the prime factors of 2431.
11, 13, 17
List the prime factors of 28996.
2, 11, 659
List the prime factors of 9215.
5, 19, 97
What are the prime factors of 43020?
2, 3, 5, 239
What are the prime factors of 12573?
3, 11, 127
List the prime factors of 44456.
2, 5557
What are the prime factors of 98?
2, 7
What are the prime factors of 36859?
29, 31, 41
List the prime factors of 2035.
5, 11, 37
List the prime factors of 20.
2, 5
What are the prime factors of 15528?
2, 3, 647
List the prime factors of 1484.
2, 7, 53
List the prime factors of 906.
2, 3, 151
List the prime factors of 2690.
2, 5, 269
List the prime factors of 1400.
2, 5, 7
What are the prime factors of 4337?
4337
What are the prime factors of 17977?
17977
What are the prime factors of 72088?
2, 9011
List the prime factors of 26302.
2, 13151
What are the prime factors of 38530?
2, 5, 3853
List the prime factors of 15374.
2, 7687
List t